Calculate the remainder when 562 is divided by 47.
45
What is the remainder when 40 is divided by 17?
6
What is the remainder when 3233 is divided by 77?
76
Calculate the remainder when 961 is divided by 37.
36
Calculate the remainder when 271 is divided by 34.
33
Calculate the remainder when 202 is divided by 12.
10
Calculate the remainder when 2048 is divided by 59.
42
What is the remainder when 435 is divided by 170?
95
What is the remainder when 353 is divided by 53?
35
Calculate the remainder when 2241 is divided by 51.
48
What is the remainder when 809 is divided by 10?
9
Calculate the remainder when 1126 is divided by 22.
4
What is the remainder when 807 is divided by 158?
17
What is the remainder when 499 is divided by 167?
165
Calculate the remainder when 1258 is divided by 20.
18
Calculate the remainder when 4033 is divided by 504.
1
Calculate the remainder when 1200 is divided by 50.
0
What is the remainder when 5400 is divided by 11?
10
What is the remainder when 339 is divided by 34?
33
What is the remainder when 5 is divided by 4?
1
Calculate the remainder when 916 is divided by 40.
36
Calculate the remainder when 22 is divided by 7.
1
Calculate the remainder when 24014 is divided by 158.
156
Calculate the remainder when 171 is divided by 39.
15
Calculate the remainder when 520 is divided by 18.
16
Calculate the remainder when 1644 is divided by 15.
9
What is the remainder when 5649 is divided by 36?
33
Calculate the remainder when 932 is divided by 55.
52
Calculate the remainder when 279 is divided by 33.
15
Calculate the remainder when 354 is divided by 65.
29
What is the remainder when 792 is divided by 56?
8
What is the remainder when 471 is divided by 59?
58
What is the remainder when 267 is divided by 58?
35
Calculate the remainder when 285 is divided by 26.
25
What is the remainder when 249 is divided by 63?
60
Calculate the remainder when 351 is divided by 59.
56
What is the remainder when 123 is divided by 7?
4
Calculate the remainder when 1975 is divided by 1946.
29
What is the remainder when 1762 is divided by 126?
124
What is the remainder when 610 is divided by 13?
12
What is the remainder when 2752 is divided by 677?
44
What is the remainder when 1517 is divided by 69?
68
What is the remainder when 4813 is divided by 1195?
33
What is the remainder when 190 is divided by 58?
16
Calculate the remainder when 182 is divided by 5.
2
Calculate the remainder when 1354 is divided by 113.
111
What is the remainder when 359 is divided by 87?
11
Calculate the remainder when 1089 is divided by 52.
49
Calculate the remainder when 10 is divided by 7.
3
Calculate the remainder when 13394 is divided by 22.
18
What is the remainder when 23 is divided by 5?
3
What is the remainder when 1336 is divided by 11?
5
Calculate the remainder when 367 is divided by 46.
45
Calculate the remainder when 155 is divided by 68.
19
What is the remainder when 633 is divided by 103?
15
What is the remainder when 1141 is divided by 380?
1
Calculate the remainder when 769 is divided by 26.
15
What is the remainder when 259 is divided by 34?
21
Calculate the remainder when 1713 is divided by 33.
30
Calculate the remainder when 1402 is divided by 237.
217
Calculate the remainder when 530 is divided by 195.
140
Calculate the remainder when 83 is divided by 12.
11
What is the remainder when 12140 is divided by 176?
172
What is the remainder when 2 is divided by 2?
0
Calculate the remainder when 449 is divided by 11.
9
Calculate the remainder when 667 is divided by 1.
0
What is the remainder when 89 is divided by 19?
13
Calculate the remainder when 639 is divided by 32.
31
What is the remainder when 202 is divided by 23?
18
What is the remainder when 1744 is divided by 33?
28
What is the remainder when 311 is divided by 15?
11
Calculate the remainder when 2173 is divided by 156.
145
What is the remainder when 891 is divided by 47?
45
What is the remainder when 48 is divided by 27?
21
What is the remainder when 214 is divided by 100?
14
Calculate the remainder when 2669 is divided by 334.
331
What is the remainder when 105 is divided by 24?
9
Calculate the remainder when 2950 is divided by 268.
2
What is the remainder when 34 is divided by 21?
13
What is the remainder when 45 is divided by 40?
5
Calculate the remainder when 379 is divided by 119.
22
Calculate the remainder when 289 is divided by 75.
64
Calculate the remainder when 347 is divided by 39.
35
What is the remainder when 13968 is divided by 5?
3
Calculate the remainder when 914 is divided by 9.
5
Calculate the remainder when 1746 is divided by 7.
3
What is the remainder when 733 is divided by 250?
233
What is the remainder when 1759 is divided by 1714?
45
Calculate the remainder when 1098 is divided by 184.
178
What is the remainder when 43 is divided by 9?
7
Calculate the remainder when 704 is divided by 33.
11
Calculate the remainder when 102 is divided by 28.
18
Calculate the remainder when 1507 is divided by 3.
1
Calculate the remainder when 613 is divided by 13.
2
What is the remainder when 159 is divided by 82?
77
What is the remainder when 168 is divided by 19?
16
What is the remainder when 391 is divided by 49?
48
Calculate the remainder when 470 is divided by 31.
5
What is the remainder when 280 is divided by 98?
84
What is the remainder when 108 is divided by 38?
32
What is the remainder when 215 is divided by 3?
2
Calculate the remainder when 342 is divided by 117.
108
Calculate the remainder when 681 is divided by 40.
1
What is the remainder when 1959 is divided by 28?
27
What is the remainder when 2805 is divided by 79?
40
What is the remainder when 1249 is divided by 48?
1
Calculate the remainder when 12579 is divided by 52.
47
Calculate the remainder when 85 is divided by 49.
36
What is the remainder when 126 is divided by 39?
9
Calculate the remainder when 3431 is divided by 31.
21
Calculate the remainder when 14100 is divided by 86.
82
What is the remainder when 155 is divided by 24?
11
Calculate the remainder when 59 is divided by 16.
11
What is the remainder when 228 is divided by 83?
62
Calculate the remainder when 118 is divided by 31.
25
Calculate the remainder when 8943 is divided by 14.
11
What is the remainder when 37 is divided by 19?
18
Calculate the remainder when 1403 is divided by 628.
147
What is the remainder when 1007 is divided by 63?
62
Calculate the remainder when 1556 is divided by 318.
284
Calculate the remainder when 228 is divided by 29.
25
Calculate the remainder when 13 is divided by 7.
6
What is the remainder when 287 is divided by 77?
56
Calculate the remainder when 420 is divided by 137.
9
Calculate the remainder when 148 is divided by 115.
33
What is the remainder when 6 is divided by 4?
2
What is the remainder when 5259 is divided by 239?
1
What is the remainder when 1361 is divided by 29?
27
What is the remainder when 3096 is divided by 286?
236
Calculate the remainder when 69 is divided by 44.
25
What is the remainder when 159 is divided by 39?
3
Calculate the remainder when 326 is divided by 10.
6
What is the remainder when 129 is divided by 30?
9
Calculate the remainder when 505 is divided by 11.
10
What is the remainder when 1428 is divided by 204?
0
Calculate the remainder when 1323 is divided by 191.
177
Calculate the remainder when 442 is divided by 74.
72
What is the remainder when 150 is divided by 68?
14
Calculate the remainder when 56 is divided by 19.
18
Calculate the remainder when 301 is divided by 16.
13
Calculate the remainder when 9122 is divided by 54.
50
Calculate the remainder when 8728 is divided by 43.
42
What is the remainder when 519 is divided by 32?
7
What is the remainder when 344 is divided by 69?
68
Calculate the remainder when 5287 is divided by 1759.
10
What is the remainder when 343 is divided by 58?
53
Calculate the remainder when 611 is divided by 199.
14
Calculate the remainder when 392 is divided by 36.
32
What is the remainder when 59 is divided by 18?
5
Calculate the remainder when 3447 is divided by 31.
6
Calculate the remainder when 169 is divided by 84.
1
What is the remainder when 2267 is divided by 91?
83
What is the remainder when 85 is divided by 31?
23
What is the remainder when 573 is divided by 190?